ue of 17 + -12 + (24 - 15)?
14
Calculate 6 - (-4 - 0 - (6 + 5)).
21
What is 3 - ((7 - (-6 - -5)) + (0 - -9))?
-14
Evaluate -8 + (1 - (-3 - 5) - -14).
15
Evaluate 11 - ((9 - 14 - -11) + 2).
3
What is the value of (-6 - (-2 - -4)) + -11 + (-3 - -12)?
-10
Evaluate (5 - (17 - 9)) + (-4 - -2) + 7.
2
What is the value of 26 - (-14 - 29 - -78)?
-9
5 + 4 + -17 + 9 + -11
-10
1 - -3 - (15 - 1) - (14 + -11)
-13
Evaluate 3 + (2 - -1) + (5 - 20) - -3.
-6
What is the value of (-12 - (2 - (17 + 2 - 10))) + -11?
-16
What is the value of -12 - (-8 - -4) - (0 + 1)?
-9
What is the value of -1 - (-8 - -7) - -2 - (-3 - 3)?
8
13 + (11 + -3 - (-25 - -26))
20
Evaluate 0 - -1 - (22 - (6 - (26 + -64))).
23
15 - (-28 - (-56 + -22))
-35
What is -18 + 0 - 3 - (-4 - (-16 + 18))?
-15
(-7 - (5 + -12)) + (0 - 9)
-9
2 + 14 + 10 + -17
9
What is the value of -16 - (3 + -34) - (7 - 0)?
8
What is the value of 32 + (-18 - -21) - (10 + 0)?
25
-3 + -12 + (20 - 6)
-1
What is the value of (16 - 0) + 4 - 10 - 31?
-21
Evaluate (3 + (5 - 15) - 3) + -9.
-19
What is -7 + (3 - -3) + -7 - -3?
-5
Evaluate 24 - (0 + 2 + 8 + -2).
16
Evaluate (1 - -2 - -22) + -6 + -19 + 24.
24
What is 84 + -94 - (-3 + -5 + 4 - -2)?
-8
What is -23 + 27 - (-1 - 9) - 8?
6
-3 + 9 - (2 + 2 + -2 + -11)
15
What is the value of 8 + -16 - (-36 - -23)?
5
Calculate (2 - -5) + (-16 + -6 - -7).
-8
Evaluate (33 - 7 - 12) + -20.
-6
Calculate -9 + 2 - (-48 + 37 + (-9 - 13)).
26
Calculate -17 + 6 - (-20 - -5).
4
(-6 - (-10 + 13)) + -1
-10
-11 - 13 - -30 - 16
-10
What is -5 - (-13 + 2 - (-18 - -12))?
0
21 + (-28 - -25) + -9
9
Calculate -4 + (10 - -3 - 3) - -1.
7
Calculate -16 - -21 - -10 - 2.
13
Evaluate -48 + 7 - (-18 + 8).
-31
What is the value of 11 + 0 + -11 + -13?
-13
What is the value of -18 + (-10 - (-24 + -9))?
5
What is the value of -17 - -1 - (33 - 46)?
-3
What is the value of -11 + 30 + -31 + 37?
25
Calculate 12 + -6 - (-12 + 7 - -8).
3
Evaluate 12 - (2 + -7 - ((2 - 0) + -6)).
13
Evaluate 4 + (-4 + 10 - 11).
-1
-2 + 2 + 3 - (4 - (-9 - -9))
-1
(0 - (15 + -4)) + (-17 - -20)
-8
-6 + 12 + -12 + -2
-8
Evaluate -11 - 1 - (8 - 14).
-6
-10 + (-9 + 1 - (-44 + 18 + 11))
-3
Evaluate (0 - 2) + -5 - (-64 - -46).
11
What is the value of (3 - (-13 + 29)) + 16?
3
Calculate 1916 - 1917 - (1 + -13).
11
10 + (1 + 8 - (14 + -1 + -8))
14
Calculate (8 - (15 + (9 - 16))) + (23 - -1).
24
Evaluate (-5 - -8) + -4 + -3 + 15.
11
-34 + (-21 - -22) + 47
14
-7 + 4 - (-1 - 21) - 9
10
What is 10 - 6 - (-3 - (1 - (-3 - -12)))?
-1
What is 8 + -6 + 7 + -9 + 13?
13
Evaluate 12 + 34 + -1 + -48.
-3
What is -22 + -36 - -24 - -15?
-19
-7 + (-3 + 0 - -8 - (12 + -9))
-5
What is the value of (16 - 4) + (15 - 13)?
14
Calculate -7 - (-3 - 1) - (1 + -7).
3
What is (26 - 1) + 2 + -12 + (332 - 324)?
23
10 + (-2 - 0) - (98 + -99)
9
Calculate -13 + (12 - 12) + 19.
6
Evaluate 1 + (1 + 27 - 58).
-29
What is -48 + 20 + (-7 - -29)?
-6
What is the value of 0 + (10 - -2) + (-2 - -7) - 6?
11
What is -5 + -29 + 44 + 18?
28
What is the value of (0 - (-8 + 0)) + -321 + 326?
13
What is 15 - (17 + (3 - 11) + -2) - 11?
-3
What is the value of (5 - (15 - -4 - 5)) + (8 - 0)?
-1
What is the value of 5 + (6 + (4 - (-3 + 7)) - 1)?
10
What is the value of (-13 - -6) + -5 - 10 - -4?
-18
Evaluate 4 + (-9 - (-5 + 0)) + (0 - -3).
3
(3 - 11) + -6 - -9
-5
What is the value of (14 + 1 - (203 - 207)) + -47?
-28
Evaluate -25 + (-1 + 4 - (37 + -3 + -30)).
-26
(-16 - 11) + 24 + -11
-14
Calculate -13 - (-5 + (-20 - -1)).
11
What is -34 + 9 + 3 + 2?
-20
-8 + (5 - 2) + 15 + 6 + -16
0
What is -23 - -4 - (27 - 41) - -30?
25
Calculate (-4 - 1) + (-43 - -53 - (-15 + -1)).
21
-24 - (12 + (4 - 33))
-7
Evaluate 6 + -11 + 6 - 12.
-11
What is the value of -10 + (-6 - 4) + 7 + 22?
9
-7 + 10 + 26 - (0 - (-2 - 3))
24
(2 - 3) + 31 + (38 - (3 - -41))
24
What is 1 + 0 + 1 + -18?
-16
Evaluate 18 - (-38 - -83) - -43.
16
What is (-11 - (20 - 44)) + -8 + 2 + 1?
8
Calculate (-6 - -2) + 7 + -9.
-6
Calculate -21 + (7 - 3) + -3 + 5.
-15
Calculate -22 + (-7 - 8) + 37.
0
What is 11 + (14 - 26 - -2 - (4 + 3))?
-6
-29 + 38 + -14 - (-1 + 4)
-8
What is 7 + (-1 + -4 - -4) - (29 + -34)?
11
What is the value of (-30 - -1) + (18 - 4)?
-15
(-3 + 3 - 19) + (22 - 22)
-19
What is (13 - -2) + (39 - 39) - 8?
7
(5 - (5 + -6)) + (-21 - -31)
16
Evaluate (3 - -3) + (-18 - -22).
10
What is 0 + 10 + ((0 - -9) + -7 - 3)?
9
Calculate 0 - -6 - (34 - (8 - -36)).
16
Evaluate 4 - -4 - -4 - (5 - 2 - 8).
17
Evaluate (-11 - -9 - 18) + 16 + 1.
-3
What is 23 + (-48 + 25 - -25) + -1 + -8?
16
Calculate -7 + 3 - (-28 - -39).
-15
What is the value of 31 - 33 - (9 + 19)?
-30
What is the value of -7 + -23 + 17 - 2?
-15
Calculate -2 + 8 - (-31 - -51) - -3.
-11
What is the value of (7 - (4 + 2)) + -9 + (0 - -23)?
15
What is the value of -2 + 0 + 16 + (0 - 9) + 5?
10
What is the value of (2 - 2 - 15) + (17 - -6 - 19)?
-11
What is the value of 1 + -6 - ((7 - (17 - 9)) + -8)?
4
-1 - 9 - (-10 - (-14 + -5)) - 6
-25
What is -26 + 34 + (0 - 7) + -12?
-11
Calculate (-62 - -80) + -41 + 0.
-23
52 - 30 - 6 - -10
26
What is -22 + (8 - 27) + 40?
-1
What is (6 - -16) + -15 - (2 + 15)?
-10
Evaluate 16 + (-8 - (3 - -32)).
-27
Evaluate (3 - 5) + 3 + 1 + -52 + 20.
-30
What is 25 + 33 + -82 - -52?
28
What is the value of 11 + -24 + 2 + 5?
-6
Evaluate (-24 + (-3 - -25) - (-5 - 1)) + 5.
9
What is 56 + -46 - (9 - 3) - (1 - -9)?
-6
Calculate -1 + (0 - 6 - (-5 + 1)).
-3
1 - -1 - (-1 + 19 - (-3 + 1))
-18
3 + -4 + -3 - (-6 + 11)
-9
What is the value of -4 + 8 + (6 - 9) - -2?
3
-27 + 54 + 2 + -4
25
What is 9 - (-7 + (-23 - -17))?
22
25 + -40 + 19 + -9 + (0 - 0)
-5
(3 - (19 + -8)) + -1 + -4 + -5
-18
-15 + (12 - 28 - -31)
0
What is (2 - (-57 + 58 + (1 - 5))) + -4?
1
6 + (-7 - (-14 - (-11 + (-3 - -7))))
6
Evaluate 26 - (32 - 23) - 5.
12
Evaluate -241 + 193 + (8 - -34).
-6
(33 - 41) + (6 - 0) + -23
-25
What is -32 + (14 - 4) - (2 - (1 - -10))?
-13
Evaluate -39 + 20 + 9 + 2 + -29.
-37
What is the value of -28 + 50 + (27 - 25)?
24
-3 + -1 + (7 + 1 - 2)
2
What is (2 - (10 + 23)) + 7 - -4 - 11?
-31
Evaluate -37 + (28 - 1) - -5.
-5
Evaluate (4 - -17 - (8 + -3 + 4)) + -7.
5
What is 1 - (3 + 1 + -8 + -1)?
6
Calculate -31 + -2 - (-100 - -80).
-13
What is the value of -2 + 1 + 2 + -18?
-17
Evaluate (0 - (21 + -11)) + 22.
12
What is 7 + (-3 - (4 + -1 - 6)) + 6?
13
Evaluate 0 - (0 + 8) - -3 - 5.
-10
Calculate -19 + -5 + 12 - (-3 - 4).
-5
Calculate (36 - 11 - 28) + 25.
22
Evaluate 3 + (1 - 0 - 1) - (-2406 - -2416).
-7
18 + -34 + (19 - -15)
18
Evaluate -2 - -16 - (-3 + 8 + 3 - 6).
12
Evaluate -1 + 24 + (-1 - ((4 - 16) + 12)).
22
Evaluate -6 + -1 + (4 - (-4 + 2)).
-1
What is -26 + (58 - 32) + -6 + 5?
-1
(-4 + 1 - (-1 - -1)) + -7 + 1
-9
Calculate 29 + -44 - (-10 + -2).
-3
What is the value of -1 + 3 + (17 + -2 - 9)?
8
What is the value of 13 - 19 - 8 - (-2 + -2)?
-10
What is the value of (48 + -44 - 40) + 48?
12
What is 0 - -2 - (0 + -46 + 29)?
19
Evaluate 1 + -15 - (5 + -46 + 11).
16
Evaluate 5 + -1 + 8 + -34 + -3 + 11.
-14
What is (-9 - 36) + -58 + 99?
-4
-24 + 14 + (42 - (3 - 0))
29
40 + -13 + -14 + -21 + 8
0
What is 1 + (5 - -1) - (-4 + 2 - 2)?
11
-2 + 7 + 1 + -9 + -9
-12
What is -26 + 41 + -31 + 25?
9
What is -14 + (-16 - -34) - 3?
1
Calculate 26 + -8 + (8 - (-8 - -17)).
17
-3 + -19 + 8 + 14
0
What is the value of 1 - -15 - (553 + -508)?
-29
(44 - 47 - (-7 - -1)) + -13
-10
What is the value of -4 + (28 - 4) + -2 + -3 + 0?
15
Evaluate (-1 - 4) + (17 + 1 - 6).
7
Calculate -5 + (11 + -13 - (13 - 24)).
4
Evaluate (1 - -17) + (559 - 593).
-16
What is (-56 - -39) + (0 + -5 - -7)?
-15
Calculate (-24 - -8) + -109 + 127.
2
Calculate -5 + (5 - (0 - -4) - 6).
-10
Calculate 3 + (-11 + -31 - -19).
-20
Evaluate (-3 - (0 + 2)) + -37 + (-17 - -35).
-24
What is -26 - (8 + -12 + -15)?
-7
What is the value of 19 - (-12 - -22 - 8) - (-1 + 3)?
15
What is 716 + -697 + (-4 - -2)?
17
What is 1 + -9 + 4 + -3 - (-30 + 10)?
13
Evaluate 1 + -11 + -88 + 98.
0
What is 19 + (10 - (24 - 13)) + -11?
7
What is the value of -35 - -25 - -2 - 0?
-8
-73 + 49 - (-13 + -32)
21
What is the value of -48 + 42 - (0 + 3 + -13)?
4
Calculate -2 + (21 - 4 - 12) + -8.
-5
12 + -3 + (-4 - (-3 - 10 - -5))
13
-8 + 28 - 9 - 2
9
1 + 0 + 1 - (51 - (-30 + 65))
-14
Evaluate 6 - (1 + 0) - (-61 - -70).
-4
Calculate (-16 - 11 - -7 - -10) + (1 - 3).
-12
Calcula